{"id":5914,"date":"2025-02-10T15:19:49","date_gmt":"2025-02-10T15:19:49","guid":{"rendered":"http:\/\/localhost\/gemso\/?page_id=5914"},"modified":"2025-05-09T15:43:15","modified_gmt":"2025-05-09T15:43:15","slug":"tendencias","status":"publish","type":"page","link":"https:\/\/molinos.jeanlogistics.com\/index.php\/tendencias\/","title":{"rendered":"Tendencias"},"content":{"rendered":"\t\t<div data-elementor-type=\"wp-page\" data-elementor-id=\"5914\" class=\"elementor elementor-5914\" data-elementor-post-type=\"page\">\n\t\t\t\t<div class=\"elementor-element elementor-element-20bade6 e-flex e-con-boxed e-con e-parent\" data-id=\"20bade6\" data-element_type=\"container\" data-settings=\"{&quot;background_background&quot;:&quot;classic&quot;}\">\n\t\t\t\t\t<div class=\"e-con-inner\">\n\t\t<div class=\"elementor-element elementor-element-46641ff e-con-full e-flex e-con e-child\" data-id=\"46641ff\" data-element_type=\"container\">\n\t\t\t\t<div class=\"elementor-element elementor-element-5f569ac elementor-widget elementor-widget-heading\" data-id=\"5f569ac\" data-element_type=\"widget\" data-widget_type=\"heading.default\">\n\t\t\t\t<div class=\"elementor-widget-container\">\n\t\t\t\t\t<h2 class=\"elementor-heading-title elementor-size-default\">Tendencias<\/h2>\t\t\t\t<\/div>\n\t\t\t\t<\/div>\n\t\t\t\t<div class=\"elementor-element elementor-element-18f5455 elementor-widget elementor-widget-heading\" data-id=\"18f5455\" data-element_type=\"widget\" data-widget_type=\"heading.default\">\n\t\t\t\t<div class=\"elementor-widget-container\">\n\t\t\t\t\t<h2 class=\"elementor-heading-title elementor-size-default\">Lo \u00daltimo que Est\u00e1 Transformando el Mercado<\/h2>\t\t\t\t<\/div>\n\t\t\t\t<\/div>\n\t\t\t\t<\/div>\n\t\t\t\t\t<\/div>\n\t\t\t\t<\/div>\n\t\t<div class=\"elementor-element elementor-element-c205363 e-flex e-con-boxed e-con e-parent\" data-id=\"c205363\" data-element_type=\"container\">\n\t\t\t\t\t<div class=\"e-con-inner\">\n\t\t\t\t<div class=\"elementor-element elementor-element-cbf21c4 elementor-widget elementor-widget-heading\" data-id=\"cbf21c4\" data-element_type=\"widget\" data-widget_type=\"heading.default\">\n\t\t\t\t<div class=\"elementor-widget-container\">\n\t\t\t\t\t<h2 class=\"elementor-heading-title elementor-size-default\">Innovaciones que Marcan la Diferencia<\/h2>\t\t\t\t<\/div>\n\t\t\t\t<\/div>\n\t\t\t\t<div class=\"elementor-element elementor-element-37d136f elementor-widget elementor-widget-etheme_posts\" data-id=\"37d136f\" data-element_type=\"widget\" data-settings=\"{&quot;navigation&quot;:&quot;pagination&quot;,&quot;animation_type&quot;:&quot;fadeInUp_animation&quot;,&quot;posts_per_page&quot;:10,&quot;query_type&quot;:&quot;categories&quot;,&quot;cols_mobile&quot;:&quot;1&quot;,&quot;cols&quot;:&quot;3&quot;,&quot;navigation_pagination_ajax&quot;:&quot;yes&quot;,&quot;cols_gap&quot;:{&quot;unit&quot;:&quot;px&quot;,&quot;size&quot;:&quot;&quot;,&quot;sizes&quot;:[]},&quot;cols_gap_tablet&quot;:{&quot;unit&quot;:&quot;px&quot;,&quot;size&quot;:&quot;&quot;,&quot;sizes&quot;:[]},&quot;cols_gap_mobile&quot;:{&quot;unit&quot;:&quot;px&quot;,&quot;size&quot;:&quot;&quot;,&quot;sizes&quot;:[]},&quot;rows_gap&quot;:{&quot;unit&quot;:&quot;px&quot;,&quot;size&quot;:&quot;&quot;,&quot;sizes&quot;:[]},&quot;rows_gap_tablet&quot;:{&quot;unit&quot;:&quot;px&quot;,&quot;size&quot;:&quot;&quot;,&quot;sizes&quot;:[]},&quot;rows_gap_mobile&quot;:{&quot;unit&quot;:&quot;px&quot;,&quot;size&quot;:&quot;&quot;,&quot;sizes&quot;:[]}}\" data-widget_type=\"etheme_posts.default\">\n\t\t\t\t<div class=\"elementor-widget-container\">\n\t\t\t\t\t            <div class=\"etheme-posts-wrapper etheme-grid\">\r\n                        <article class=\"etheme-post post-5919 post type-post status-publish format-standard has-post-thumbnail hentry category-tendencias\">\r\n                <div class=\"etheme-post-image-wrapper etheme-image-hover etheme-image-hover-scaleIn\">\r\n            <a class=\"etheme-post-image-inner\" href=\"https:\/\/molinos.jeanlogistics.com\/index.php\/2025\/02\/10\/harina-sonorense-sinonimo-de-eficiencia-y-sabor-2\/\">\r\n            <img decoding=\"async\" src=\"https:\/\/molinos.jeanlogistics.com\/wp-content\/uploads\/elementor\/thumbs\/breakfast-biscuit-sandwiches-with-fried-chicken-2023-11-27-05-18-22-utc-scaled-r1gebur2cg1svnyrfgqoalrc1ay8kcgeevbh5s9kmw.jpg\" title=\"Breakfast biscuit sandwiches with fried chicken\" alt=\"Breakfast biscuit sandwiches with fried chicken, traditional southern food\" loading=\"lazy\" \/>            <\/a>\r\n                            <span class=\"etheme-post-date-label inside\">\r\n                            <span class=\"etheme-post-day\">10<\/span><span class=\"etheme-post-month\">Feb<\/span>                        <\/span>\r\n                            <span class=\"etheme-post-terms-label\">\r\n                                    <span class=\"etheme-post-terms etheme-post-categories\">\r\n\t\t\t<a href=\"https:\/\/molinos.jeanlogistics.com\/index.php\/category\/tendencias\/\">Tendencias<\/a>\t\t<\/span>\r\n                                <\/span>\r\n                            <\/div>\r\n                        <div class=\"etheme-post-content \">\r\n                        <h3 class=\"etheme-post-title\">\r\n        <a href=\"https:\/\/molinos.jeanlogistics.com\/index.php\/2025\/02\/10\/harina-sonorense-sinonimo-de-eficiencia-y-sabor-2\/\">\r\n            Harina Sonorense: Sin\u00f3nimo de Eficiencia y Sabor        <\/a>\r\n        <\/h3>\r\n                <div class=\"etheme-post-excerpt\">\r\n            \u00bfAlguna vez te has preguntado qu\u00e9 hace tan especiales a las tortillas de harina sonorenses? No es solo su sabor o textura, sino que tambi\u00e9n...        <\/div>\r\n                <a class=\"elementor-button etheme-post-button\" href=\"https:\/\/molinos.jeanlogistics.com\/index.php\/2025\/02\/10\/harina-sonorense-sinonimo-de-eficiencia-y-sabor-2\/\">\r\n            <span class=\"button-text\">Saber m\u00e1s<\/span>        <\/a>\r\n                <div class=\"etheme-post-meta-data\">\r\n                    <span class=\"etheme-post-share\">\r\n            <a>\r\n                <svg width=\"1em\" height=\"1em\" viewBox=\"0 0 12 12\" xmlns=\"http:\/\/www.w3.org\/2000\/svg\">\r\n                    <path d=\"M9.11773 7.80952C8.5453 7.80952 8.03418 8.03417 7.62558 8.42267C7.54366 8.50459 7.46224 8.60661 7.40093 8.68853L4.10956 6.68526C4.19148 6.46061 4.23219 6.23546 4.23219 5.9902C4.23219 5.74494 4.19148 5.51979 4.10956 5.29514L7.40093 3.31197C7.78942 3.8638 8.42317 4.21158 9.11823 4.21158C10.2837 4.21158 11.224 3.27127 11.224 2.10579C11.224 0.940319 10.2837 0 9.11823 0C7.95276 0 7.01244 0.940319 7.01244 2.10579C7.01244 2.33044 7.05315 2.5556 7.11446 2.78025L3.80249 4.76341C3.414 4.21158 2.78025 3.88441 2.10579 3.88441C0.940319 3.88441 0 4.82473 0 5.9902C0 7.15567 0.940319 8.09599 2.10579 8.09599C2.78025 8.09599 3.414 7.76881 3.80249 7.21699L7.11446 9.22025C7.03254 9.4449 7.01244 9.67006 7.01244 9.89471C7.01244 10.4671 7.23709 10.9783 7.62558 11.3869C8.01407 11.7753 8.5458 12 9.11773 12C9.68966 12 10.2013 11.7753 10.6099 11.3869C10.9984 10.9984 11.223 10.4666 11.223 9.89471C11.223 9.32278 10.9984 8.81116 10.6099 8.40256C10.2214 8.03468 9.68966 7.80952 9.11773 7.80952V7.80952ZM10.6305 9.91481C10.6305 10.3239 10.4671 10.6918 10.2013 10.9778C9.91532 11.2637 9.54693 11.407 9.13834 11.407C8.72974 11.407 8.36135 11.2436 8.07539 10.9778C7.78942 10.6918 7.64619 10.3234 7.64619 9.91481C7.64619 9.50622 7.80953 9.13783 8.07539 8.85186C8.36135 8.5659 8.72974 8.42267 9.13834 8.42267C9.54693 8.42267 9.91532 8.586 10.2013 8.85186C10.4671 9.13783 10.6305 9.50622 10.6305 9.91481ZM7.62508 2.10579C7.62508 1.2881 8.29954 0.613645 9.11723 0.613645C9.93492 0.613645 10.63 1.2881 10.63 2.10579C10.63 2.92348 9.95552 3.59794 9.13783 3.59794C8.32014 3.59794 7.62508 2.92348 7.62508 2.10579V2.10579ZM2.1259 7.50245C1.3082 7.50245 0.633748 6.82799 0.633748 6.0103C0.633748 5.19261 1.3082 4.51816 2.1259 4.51816C2.94359 4.51816 3.61804 5.19261 3.61804 6.0103C3.61804 6.82799 2.94359 7.50245 2.1259 7.50245V7.50245Z\"\/>\r\n                <\/svg>\r\n            <\/a>\r\n\t\t\t                <span class=\"etheme-post-share-popup\">\r\n                                                    <a href=\"https:\/\/www.facebook.com\/sharer.php?u=https:\/\/molinos.jeanlogistics.com\/index.php\/2025\/02\/10\/harina-sonorense-sinonimo-de-eficiencia-y-sabor-2\/\" title=\"Share on Facebook\" target=\"_blank\" rel=\"noopener\">\r\n                                    <svg version=\"1.1\" xmlns=\"http:\/\/www.w3.org\/2000\/svg\" fill=\"currentColor\" width=\"1em\" height=\"1em\" viewBox=\"0 0 24 24\">\r\n                                        <path d=\"M13.488 8.256v-3c0-0.84 0.672-1.488 1.488-1.488h1.488v-3.768h-2.976c-2.472 0-4.488 2.016-4.488 4.512v3.744h-3v3.744h3v12h4.512v-12h3l1.488-3.744h-4.512z\"><\/path>\r\n                                    <\/svg>\r\n                                <\/a>\r\n                                                                <a href=\"https:\/\/twitter.com\/share?url=https:\/\/molinos.jeanlogistics.com\/index.php\/2025\/02\/10\/harina-sonorense-sinonimo-de-eficiencia-y-sabor-2\/&text=Share on Twitter\" title=\"Share on Twitter\" target=\"_blank\" rel=\"noopener\">\r\n                                    <svg xmlns=\"http:\/\/www.w3.org\/2000\/svg\" width=\"1em\" height=\"1em\" viewBox=\"0 0 32 32\" fill=\"currentColor\"><path d=\"M0.365 32h2.747l10.687-12.444 8.549 12.444h9.305l-12.71-18.447 11.675-13.543h-2.712l-10.152 11.795-8.11-11.805h-9.296l12.252 17.788-12.235 14.212zM4.071 2.067h4.295l19.566 27.995h-4.295l-19.566-27.995z\"><\/path><\/svg>\r\n                                  <\/a>\r\n                                                                <a href=\"https:\/\/www.linkedin.com\/shareArticle?mini=true&url=https:\/\/molinos.jeanlogistics.com\/index.php\/2025\/02\/10\/harina-sonorense-sinonimo-de-eficiencia-y-sabor-2\/&title=Share on Linkedin\" title=\"Share on Linkedin\" target=\"_blank\" rel=\"noopener\">\r\n                                    <svg version=\"1.1\" xmlns=\"http:\/\/www.w3.org\/2000\/svg\" fill=\"currentColor\" width=\"1em\" height=\"1em\" viewBox=\"0 0 24 24\">\r\n                                        <path d=\"M0 7.488h5.376v16.512h-5.376v-16.512zM19.992 7.704c-0.048-0.024-0.12-0.048-0.168-0.048-0.072-0.024-0.144-0.024-0.216-0.048-0.288-0.048-0.6-0.096-0.96-0.096-3.12 0-5.112 2.28-5.76 3.144v-3.168h-5.4v16.512h5.376v-9c0 0 4.056-5.64 5.76-1.488 0 3.696 0 10.512 0 10.512h5.376v-11.16c0-2.496-1.704-4.56-4.008-5.16zM5.232 2.616c0 1.445-1.171 2.616-2.616 2.616s-2.616-1.171-2.616-2.616c0-1.445 1.171-2.616 2.616-2.616s2.616 1.171 2.616 2.616z\"><\/path>\r\n                                    <\/svg>\r\n                                  <\/a>\r\n                                                <\/span>\r\n            \t\t<\/span>\r\n                <\/div>\r\n                    <\/div>\r\n                <\/article>\r\n                    <\/div>\r\n            \t\t\t\t<\/div>\n\t\t\t\t<\/div>\n\t\t\t\t\t<\/div>\n\t\t\t\t<\/div>\n\t\t\t\t<\/div>\n\t\t","protected":false},"excerpt":{"rendered":"<p>Tendencias Lo \u00daltimo que Est\u00e1 Transformando el Mercado Innovaciones que Marcan la Diferencia 10Feb Tendencias Harina Sonorense: Sin\u00f3nimo de Eficiencia y Sabor \u00bfAlguna vez te&#8230;<\/p>\n","protected":false},"author":1,"featured_media":0,"parent":0,"menu_order":0,"comment_status":"closed","ping_status":"closed","template":"","meta":{"_joinchat":[],"footnotes":""},"class_list":["post-5914","page","type-page","status-publish","hentry"],"_links":{"self":[{"href":"https:\/\/molinos.jeanlogistics.com\/index.php\/wp-json\/wp\/v2\/pages\/5914"}],"collection":[{"href":"https:\/\/molinos.jeanlogistics.com\/index.php\/wp-json\/wp\/v2\/pages"}],"about":[{"href":"https:\/\/molinos.jeanlogistics.com\/index.php\/wp-json\/wp\/v2\/types\/page"}],"author":[{"embeddable":true,"href":"https:\/\/molinos.jeanlogistics.com\/index.php\/wp-json\/wp\/v2\/users\/1"}],"replies":[{"embeddable":true,"href":"https:\/\/molinos.jeanlogistics.com\/index.php\/wp-json\/wp\/v2\/comments?post=5914"}],"version-history":[{"count":22,"href":"https:\/\/molinos.jeanlogistics.com\/index.php\/wp-json\/wp\/v2\/pages\/5914\/revisions"}],"predecessor-version":[{"id":6494,"href":"https:\/\/molinos.jeanlogistics.com\/index.php\/wp-json\/wp\/v2\/pages\/5914\/revisions\/6494"}],"wp:attachment":[{"href":"https:\/\/molinos.jeanlogistics.com\/index.php\/wp-json\/wp\/v2\/media?parent=5914"}],"curies":[{"name":"wp","href":"https:\/\/api.w.org\/{rel}","templated":true}]}}