{"id":5619,"date":"2025-02-04T15:36:45","date_gmt":"2025-02-04T15:36:45","guid":{"rendered":"http:\/\/localhost\/gemso\/?post_type=product&#038;p=5619"},"modified":"2025-07-30T12:24:52","modified_gmt":"2025-07-30T12:24:52","slug":"tosali","status":"publish","type":"product","link":"https:\/\/molinos.jeanlogistics.com\/index.php\/product\/tosali\/","title":{"rendered":"T\u00f3sali"},"content":{"rendered":"<p>Contiene alta prote\u00edna; es una harina fuerte, de alta absorci\u00f3n, lo que genera mayor rendimiento en la producci\u00f3n de producto terminado, es especial para utilizarla en panader\u00edas que cuentan con maquinaria tipo industrial.<\/p>\n","protected":false},"excerpt":{"rendered":"<p>Esta harina, rica en prote\u00ednas, se caracteriza por su fuerza y alta capacidad de absorci\u00f3n, lo que se traduce en un mayor rendimiento en la producci\u00f3n de productos terminados. Es especialmente adecuada para panader\u00edas que utilizan maquinaria industrial, ya que su formulaci\u00f3n optimiza el proceso de elaboraci\u00f3n, garantizando resultados consistentes y de alta calidad en cada lote.<\/p>\n<p>Especial para: Pan blanco, Pan dulce, Galletas, Empanadas y Pasteles<br \/>\nPresentaci\u00f3n: Saco 25 Kg<\/p>\n","protected":false},"featured_media":5620,"comment_status":"open","ping_status":"closed","template":"","meta":{"_joinchat":[]},"etheme_brands":[],"product_brand":[],"product_cat":[165],"product_tag":[],"class_list":{"0":"post-5619","1":"product","2":"type-product","3":"status-publish","4":"has-post-thumbnail","6":"product_cat-harina-blanca","8":"first","9":"instock","10":"shipping-taxable","11":"product-type-simple"},"_links":{"self":[{"href":"https:\/\/molinos.jeanlogistics.com\/index.php\/wp-json\/wp\/v2\/product\/5619"}],"collection":[{"href":"https:\/\/molinos.jeanlogistics.com\/index.php\/wp-json\/wp\/v2\/product"}],"about":[{"href":"https:\/\/molinos.jeanlogistics.com\/index.php\/wp-json\/wp\/v2\/types\/product"}],"replies":[{"embeddable":true,"href":"https:\/\/molinos.jeanlogistics.com\/index.php\/wp-json\/wp\/v2\/comments?post=5619"}],"version-history":[{"count":2,"href":"https:\/\/molinos.jeanlogistics.com\/index.php\/wp-json\/wp\/v2\/product\/5619\/revisions"}],"predecessor-version":[{"id":6930,"href":"https:\/\/molinos.jeanlogistics.com\/index.php\/wp-json\/wp\/v2\/product\/5619\/revisions\/6930"}],"wp:featuredmedia":[{"embeddable":true,"href":"https:\/\/molinos.jeanlogistics.com\/index.php\/wp-json\/wp\/v2\/media\/5620"}],"wp:attachment":[{"href":"https:\/\/molinos.jeanlogistics.com\/index.php\/wp-json\/wp\/v2\/media?parent=5619"}],"wp:term":[{"taxonomy":"brand","embeddable":true,"href":"https:\/\/molinos.jeanlogistics.com\/index.php\/wp-json\/wp\/v2\/etheme_brands?post=5619"},{"taxonomy":"product_brand","embeddable":true,"href":"https:\/\/molinos.jeanlogistics.com\/index.php\/wp-json\/wp\/v2\/product_brand?post=5619"},{"taxonomy":"product_cat","embeddable":true,"href":"https:\/\/molinos.jeanlogistics.com\/index.php\/wp-json\/wp\/v2\/product_cat?post=5619"},{"taxonomy":"product_tag","embeddable":true,"href":"https:\/\/molinos.jeanlogistics.com\/index.php\/wp-json\/wp\/v2\/product_tag?post=5619"}],"curies":[{"name":"wp","href":"https:\/\/api.w.org\/{rel}","templated":true}]}}